{"id":26,"date":"2019-03-03T18:15:12","date_gmt":"2019-03-03T17:15:12","guid":{"rendered":"http:\/\/whataboutblog.de\/?page_id=26"},"modified":"2019-04-19T14:40:06","modified_gmt":"2019-04-19T13:40:06","slug":"netiquette","status":"publish","type":"page","link":"https:\/\/whataboutblog.de\/?page_id=26","title":{"rendered":"Netiquette"},"content":{"rendered":"\n<figure class=\"wp-block-image\"><img loading=\"lazy\" decoding=\"async\" width=\"1024\" height=\"443\" src=\"http:\/\/whataboutblog.de\/wp-content\/uploads\/2019\/03\/keyboard-943739_19201-1024x443.jpg\" alt=\"\" class=\"wp-image-33\" srcset=\"https:\/\/whataboutblog.de\/wp-content\/uploads\/2019\/03\/keyboard-943739_19201-1024x443.jpg 1024w, https:\/\/whataboutblog.de\/wp-content\/uploads\/2019\/03\/keyboard-943739_19201-300x130.jpg 300w, https:\/\/whataboutblog.de\/wp-content\/uploads\/2019\/03\/keyboard-943739_19201-768x332.jpg 768w, https:\/\/whataboutblog.de\/wp-content\/uploads\/2019\/03\/keyboard-943739_19201.jpg 1920w\" sizes=\"auto, (max-width: 1024px) 100vw, 1024px\" \/><\/figure>\n\n\n\n<p>Liebe Besucherin, lieber Besucher,<\/p>\n\n\n\n<p>sch\u00f6n, dass Du den Weg zu meinem Blog gefunden hast \ud83d\ude42 Vielleicht findest Du hier ja sogar etwas, das Dich interessiert oder Dir weiterhilft!<\/p>\n\n\n\n<p>Die Beitr\u00e4ge auf dieser Seite stammen in aller Regel von mir pers\u00f6nlich und geben daher meine Sichtweise auf einzelne Themen wieder. Dass es daher nicht immer vollkommen objektiv zugehen kann, erkl\u00e4rt sich von selbst. <br>Wenn Du, liebe Leserin\/ lieber Leser, etwas auf einen Beitrag antworten m\u00f6chtest, freut mich das sehr! Anregungen, Hinweise und Kritik sind in den Kommentaren jederzeit willkommen. <\/p>\n\n\n\n<p>Ich bitte dich nur, ein paar allgemeine Regeln zu beachten:<\/p>\n\n\n\n<ul class=\"wp-block-list\"><li>Ich spreche Dich auf dieser Seite in der Du-Form an, weil das in der Regel zu einem angenehmen Austausch beitr\u00e4gt. Bitte respektiere, dass Du auf dieser Seite nicht gesiezt wirst.<\/li><li>Es w\u00e4re sch\u00f6n, wenn Du bei Kommentaren nicht anonym bleiben, sondern deinen echten Namen angeben w\u00fcrdest.<\/li><li>Sachliche Kritik ist immer erw\u00fcnscht, genau wie fundierter Widerspruch aus Deiner eigenen Perspektive. Verzichte in Kommentaren jedoch auf pers\u00f6nliche Angriffe und Beleidigungen.<\/li><li>Sexistische, rassistische, homophobe oder anderweitig diskriminierende Aussagen werden grunds\u00e4tzlich nicht geduldet. <\/li><li>Beachte die geltenden Regeln der Rechtschreibung und Grammatik (ein Deutschlehrer sieht alles!)<\/li><li>Dr\u00fccke Dich so eindeutig aus wie m\u00f6glich. Du darfst hierf\u00fcr gern Smileys\/ Emoticons benutzen, vermeide ansonsten jedoch bitte den \u00fcberm\u00e4\u00dfigen Gebrauch von Gro\u00dfbuchstaben und Satzzeichen.<\/li><li>Gib zu Deiner eigenen Sicherheit in Kommentaren keine pers\u00f6nlichen Daten preis!<\/li><li>Wenn Dir ein Wortbeitrag gef\u00e4llt oder Du zustimmst, freue ich mich nat\u00fcrlich nicht nur \u00fcber l\u00e4ngere Kommentare, sondern genauso \u00fcber ein &#8222;Danke&#8220; :-<\/li><\/ul>\n\n\n\n<blockquote class=\"wp-block-quote is-layout-flow wp-block-quote-is-layout-flow\"><p>&#8222;Schreibe so, wie Du es auch von anderen erwartest.&#8220;<\/p><cite>nicht von Kant<\/cite><\/blockquote>\n","protected":false},"excerpt":{"rendered":"<p>Liebe Besucherin, lieber Besucher, sch\u00f6n, dass Du den Weg zu meinem Blog gefunden hast \ud83d\ude42 Vielleicht findest Du hier ja sogar etwas, das Dich interessiert oder Dir weiterhilft! Die Beitr\u00e4ge auf dieser Seite stammen in aller Regel von mir pers\u00f6nlich und geben daher meine Sichtweise auf einzelne Themen wieder. Dass [&hellip;]<\/p>\n","protected":false},"author":1,"featured_media":0,"parent":0,"menu_order":0,"comment_status":"closed","ping_status":"closed","template":"","meta":{"footnotes":""},"class_list":["post-26","page","type-page","status-publish","hentry"],"_links":{"self":[{"href":"https:\/\/whataboutblog.de\/index.php?rest_route=\/wp\/v2\/pages\/26","targetHints":{"allow":["GET"]}}],"collection":[{"href":"https:\/\/whataboutblog.de\/index.php?rest_route=\/wp\/v2\/pages"}],"about":[{"href":"https:\/\/whataboutblog.de\/index.php?rest_route=\/wp\/v2\/types\/page"}],"author":[{"embeddable":true,"href":"https:\/\/whataboutblog.de\/index.php?rest_route=\/wp\/v2\/users\/1"}],"replies":[{"embeddable":true,"href":"https:\/\/whataboutblog.de\/index.php?rest_route=%2Fwp%2Fv2%2Fcomments&post=26"}],"version-history":[{"count":7,"href":"https:\/\/whataboutblog.de\/index.php?rest_route=\/wp\/v2\/pages\/26\/revisions"}],"predecessor-version":[{"id":35,"href":"https:\/\/whataboutblog.de\/index.php?rest_route=\/wp\/v2\/pages\/26\/revisions\/35"}],"wp:attachment":[{"href":"https:\/\/whataboutblog.de\/index.php?rest_route=%2Fwp%2Fv2%2Fmedia&parent=26"}],"curies":[{"name":"wp","href":"https:\/\/api.w.org\/{rel}","templated":true}]}}